- -1144414?
3042
In base 5, what is -1140044 - 40043?
-1230142
In base 15, what is 314b - 4c8?
2b73
In base 11, what is a892 - -750?
10532
In base 8, what is -535 + -3273063?
-3273620
In base 15, what is 3 - 17c1da1?
-17c1d9d
In base 10, what is -1554 - -98154?
96600
In base 11, what is 15 - 4359021?
-4359007
In base 5, what is -14211020 + 14143?
-14141322
In base 2, what is -1000011001011110001100100 + -11?
-1000011001011110001100111
In base 3, what is -220122220101 - -100?
-220122220001
In base 16, what is 47231e - 1?
47231d
In base 2, what is 1001101110000 + -110111111111?
10101110001
In base 8, what is 5 - 174667242?
-174667235
In base 16, what is 662ccd + -1?
662ccc
In base 8, what is -12150071 + -17?
-12150110
In base 6, what is -15 - 3544010353?
-3544010412
In base 12, what is a97867 - 3?
a97864
In base 7, what is -54551132246 + 4?
-54551132242
In base 5, what is -1340201041 + 1?
-1340201040
In base 9, what is 8311024 - -18?
8311043
In base 4, what is 21100 + 1120131?
1201231
In base 16, what is 2ff75a - -d?
2ff767
In base 6, what is 3045235543 + 5?
3045235552
In base 15, what is -1 - 10d775?
-10d776
In base 8, what is -61222421 - 5?
-61222426
In base 7, what is 366444612 - 0?
366444612
In base 14, what is -c9b997 - -4?
-c9b993
In base 12, what is 0 - 50b8a262?
-50b8a262
In base 16, what is -14fd + 4ea?
-1013
In base 14, what is 6 + 50341b?
503423
In base 9, what is 22387 - 4?
22383
In base 10, what is 881774 - 39?
881735
In base 16, what is 4e3 + 670c?
6bef
In base 4, what is 1231 + -1201123231?
-1201122000
In base 12, what is -28 - -3051b?
304b3
In base 3, what is 1220020221122 + 22200?
1220021021022
In base 11, what is 212290 + 0?
212290
In base 13, what is 19a8b890 - -2?
19a8b892
In base 9, what is 2027861 + 13?
2027874
In base 10, what is -24662 + 1640?
-23022
In base 16, what is -4 + 1fca?
1fc6
In base 4, what is 21122313 + 10121102?
31310021
In base 13, what is 3 + -6537796?
-6537793
In base 4, what is 12 - -22222232101?
22222232113
In base 14, what is -3 - -190d40?
190d3b
In base 6, what is -20511434141 - 0?
-20511434141
In base 11, what is -81 + -121a1?
-12272
In base 15, what is 14eac - cb5?
141e7
In base 3, what is 11112101112 + -112020?
11111212022
In base 10, what is -123246 + 207?
-123039
In base 12, what is 1 - -aa00941?
aa00942
In base 4, what is -1300 - -23023212?
23021312
In base 4, what is -130 - -1033131011312?
1033131011122
In base 12, what is -4239a37 - 3?
-4239a3a
In base 5, what is 4 + -131430304312?
-131430304303
In base 5, what is -203040044211 + 20?
-203040044141
In base 5, what is -10 + -2242344322?
-2242344332
In base 4, what is -1230 + 121111203?
121103313
In base 13, what is 0 - 22364208?
-22364208
In base 6, what is -14 + -334120204?
-334120222
In base 4, what is -131 - -10323310010?
10323303213
In base 9, what is 2 - 1051665?
-1051663
In base 15, what is 4b94 + -7ab?
43d8
In base 4, what is 31132 + -120111323?
-120020131
In base 6, what is 115301 + -5053?
110204
In base 9, what is 22142671 - 1?
22142670
In base 11, what is -152a + 10887?
a358
In base 9, what is 2 + -2334657?
-2334655
In base 9, what is -246346 + 7?
-246338
In base 12, what is 179aa0 + -102?
17999a
In base 4, what is 1023302222100 - -102?
1023302222202
In base 2, what is 110110100110000000100011 + 101?
110110100110000000101000
In base 12, what is 261 - 1aab6?
-1a855
In base 10, what is -576549 - 176?
-576725
In base 7, what is -201200 - -54040?
-114130
In base 2, what is -10 - 10001010110000100000?
-10001010110000100010
In base 3, what is -222211001112 + -120011?
-222211121200
In base 3, what is 120 - 1012221020220?
-1012221020100
In base 2, what is 1 - -1101001110010101000111?
1101001110010101001000
In base 2, what is -101011110000010100 - 101?
-101011110000011001
In base 2, what is 110011 + -1111110100111011100?
-1111110100110101001
In base 12, what is -1565 - 886b?
-a214
In base 8, what is -70 + 3015744?
3015654
In base 16, what is d91c38 + -3?
d91c35
In base 15, what is -dc72 + 126b?
-ca06
In base 12, what is 13a6b56 - -296?
13a7230
In base 13, what is -1a6 + 29a808?
29a632
In base 5, what is -2142 - -103414434?
103412242
In base 8, what is 4505 - 120356?
-113651
In base 4, what is -222001222 + 213?
-222001003
In base 7, what is -44444213 + -5?
-44444221
In base 10, what is -211 - 148848?
-149059
In base 4, what is -1330300233 + 1023?
-1330233210
In base 5, what is -1411 + 214414?
213003
In base 10, what is -162 + 1653830?
1653668
In base 3, what is -10000021110022 + 222?
-10000021102100
In base 9, what is -53330 - -776?
-52443
In base 10, what is -3003 + 101351?
98348
In base 10, what is -119 - 223975?
-224094
In base 3, what is -2 - 12211211100002?
-12211211100011
In base 2, what is 1101111 - 1010111000010111?
-1010110110101000
In base 14, what is -a - -17333d?
173333
In base 12, what is 39 - 9b01b?
-9aba2
In base 3, what is -1010110 - -210002112020?
210001101210
In base 7, what is -2400630 + 6?
-2400621
In base 4, what is 1103010201120 - -1?
1103010201121
In base 13, what is 54226 + 138?
54361
In base 8, what is 651634 - -216?
652052
In base 12, what is 21021 + -2a0?
20941
In base 13, what is 279b + -260?
253b
In base 11, what is 19360 - -619?
19979
In base 3, what is 10 - -110101122112211?
110101122112221
In base 10, what is -3 + -6597472?
-6597475
In base 4, what is 131 - 11223201121?
-11223200330
In base 11, what is 2 + -9126079?
-9126077
In base 10, what is 3662307 + 4?
3662311
In base 13, what is 6c30 + 5cbb?
cc1b
In base 4, what is 11332300110113 - 2?
11332300110111
In base 2, what is -111 + -100100110010011101100?
-100100110010011110011
In base 13, what is -a + 12a291c?
12a2912
In base 15, what is ba3d - -d4?
bb22
In base 13, what is 4b923 + 12b4?
4cc07
In base 15, what is -11e5 + -128?
-131d
In base 9, what is 211717531 + 3?
211717534
In base 13, what is 136924 + 0?
136924
In base 2, what is 110001110100111011111101100 + -1?
110001110100111011111101011
In base 9, what is -367 + 5117183?
5116715
In base 2, what is 1000 - 10001111111101011100?
-10001111111101010100
In base 11, what is 3806 + -21?
3795
In base 10, what is -27377 - 622?
-27999
In base 2, what is -101010010101010 - -10000011010100?
-11001111010110
In base 8, what is 22212336 + 2?
22212340
In base 5, what is 4 - 1120231144?
-1120231140
In base 14, what is -1a924ca - 2?
-1a924cc
In base 15, what is b + -1a7b321?
-1a7b315
In base 16, what is 1 + -e457c?
-e457b
In base 5, what is 3444 - -121142?
130141
In base 7, what is 212155622 + 1?
212155623
In base 14, what is b7 + -a6b0d?
-a6a36
In base 16, what is -30 + -5df31?
-5df61
In base 10, what is -53565 + 32?
-53533
In base 3, what is 121010202002 + -21111?
121010110121
In base 2, what is 10011011110010 - -10101100010011111?
10111111110010001
In base 4, what is 2220 - -2232000112?
2232002332
In base 4, what is 131320033 - 1221?
131312212
In base 15, what is -264d15 - 7b?
-264d91
In base 2, what is -101100001 + 100011001101101000?
100011001000000111
In base 15, what is -47a19 + -32?
-47a4b
In base 5, what is 10 - -10003100143?
10003100203
In base 16, what is -1e4 - -5961?
577d
In base 8, what is 64123 + 56?
64201
In base 5, what is 22102021 - -42433?
22200004
In base 11, what is -673974 - 293?
-674157
In base 15, what is -76e - -74?
-6ea
In base 4, what is 232100 - -322203?
1220303
In base 8, what is -12175 + 3002?
-7173
In base 14, what is -964cd + 21?
-964ac
In base 3, what is 110 - -1011221001210?
1011221002020
In base 13, what is -295 - 39166?
-3942b
In base 13, what is 651 + -29c0a?
-29589
In base 3, what is 10012000002022201 - -11?
10012000002022212
In base 4, what is -130223 + 103230303?
103100020
In base 15, what is -4 - 68d598?
-68d59c
In base 15, what is -5ee + -1570?
-1b6e
In base 13, what is 4 + 1010c41?
1010c45
In base 14, what is -2 + 1987bb07?
1987bb05
In base 2, what is -1010 - -100100110011?
100100101001
In base 5, what is -32420303301 - -2?
-32420303244
In base 16, what is 24c + 55e3?
582f
In base 10, what is -318616 + 68?
-318548
In base 4, what is 2 - 112120221332?
-112120221330
In base 7, what is 64 + -112200?
-112103
In base 16, what is -32153 + -da?
-3222d
In base 3, what is 1 - -111012110000020021?
111012110000020022
In base 16, what is -6e0c97 + -2?
-6e0c99
In base 11, what is -4 + 2201430